ose 5*p + 3591 = 4*v, 0*v = -x*v + 2*p + 2695. Is v a prime number?
False
Let v(l) = l**2 - 13*l + 13. Let m be v(12). Let r(i) = -55*i - 2. Let z be r(m). Let n = 84 - z. Is n prime?
False
Let s(m) be the third derivative of m**8/6720 + 7*m**6/720 + m**5/30 - 8*m**2. Let g(o) be the third derivative of s(o). Is g(5) composite?
True
Suppose 0 = 11*t + 6 + 16. Let j(u) = 334*u**2 - 3*u - 5. Is j(t) prime?
False
Let u = 53 - 89. Let v = u - -18. Let y = 487 + v. Is y a prime number?
False
Suppose -18126 + 403306 = 20*v. Is v a composite number?
False
Let r(h) = -12 + 5 + 2 + 3*h**2 - 6*h**3. Let u be r(4). Let b = 40 - u. Is b composite?
True
Let r be (-15330)/(-65) + -4 + (-162)/(-39). Let f(o) = o**2 - o + 1. Let k be f(2). Suppose 0 = -3*m - z + 167, m - 2*z - r = -k*m. Is m a prime number?
False
Let w = 86 + -327. Let s = -307 + 739. Let p = w + s. Is p composite?
False
Is -2 + -3 - 310712/((-8)/1) composite?
True
Let i be (-1 + -1 - -2) + 3. Suppose -s + 2 = -i. Suppose 4*y - 365 = 5*g, -g + 20 = -s*g. Is y a composite number?
True
Suppose n = -3, -n = -3*z - z + 319. Suppose -h - 2*u + 95 = 0, -h - 2*u = -2*h + z. Is h a prime number?
False
Suppose 4*a = 5*g + 2*a - 15783, 0 = -2*g - 4*a + 6294. Suppose 8*k = 3*k + g. Is k a prime number?
True
Let w(f) = -f**3 + 10*f**2 + 3. Let u be w(10). Let c be u - ((-6)/(-3) - -1). Suppose 0 = -c*j - 3*j + 66. Is j prime?
False
Suppose -v - 2243 = -c + 2*v, 0 = -3*v. Is c composite?
False
Let r = -9538 + 17435. Is r composite?
True
Let t(o) = 381*o + 54. Let s(m) = 190*m + 27. Let h(i) = -13*s(i) + 6*t(i). Is h(-6) prime?
False
Let h(j) = -109*j + 2. Let v = 16 - 13. Let r be h(v). Let l = -114 - r. Is l prime?
True
Is ((-31194)/(-27))/((-2)/(-3)) a composite number?
False
Is (-53530)/(-15)*(-3)/(-2) composite?
True
Let j(x) = -x**3 + 6*x**2 - 6*x + 1. Let t be j(5). Let n be t/(-22) + (-9)/(-11). Is n - 19*-33 - -1 a prime number?
False
Suppose 0 = -t + y + 32, -3*y + 9 = t - 35. Let d = 37 - t. Suppose -v + 2*v + 1132 = 3*u, 4*v + 758 = d*u. Is u composite?
True
Let g(y) = -1 - 13*y + 12*y**2 - y**3 - y**3 + 14 + y**3. Is g(9) a composite number?
False
Suppose -50*t + 47*t = -3. Is t*(-3 - -224)*(6 - 5) a composite number?
True
Is (-4)/(-10) - 5064297/(-245) a prime number?
False
Suppose 18*x - 7*x - 4917 = 0. Is x a composite number?
True
Is 1/(-21)*-6 + 524931/21 composite?
True
Let z(y) = 2072*y + 95. Is z(6) a prime number?
True
Is (-28)/7 - -7 - -16174 composite?
True
Suppose 0 = 51*z - 59*z + 79736. Is z prime?
True
Let c(g) = 6936*g - 41. Is c(9) a composite number?
False
Let x be -504 + (7/5 - (-6)/(-15)). Let s = -216 - x. Is s composite?
True
Let a(b) = b**3 + 10*b - 35. Is a(8) prime?
True
Let y(c) = 20*c + 10. Let j be y(12). Let v = j - -94. Let k = v - -63. Is k composite?
True
Let l(g) = -g - 16. Let j be l(0). Let o = -67 + 40. Let d = j - o. Is d a prime number?
True
Suppose -a - w = 10522 - 57830, 5*a = -4*w + 236537. Is a a prime number?
False
Suppose 2*b - 340 = -2*b. Let r be b*-6*4/15. Let y = 327 + r. Is y a composite number?
False
Let d(w) = -11*w**3 + 2*w**2 + w. Let i be d(-2). Is (13 + -9)*i/4 prime?
False
Let b(t) = -t**3 - t**2 - t - 1. Let c(k) = 3*k**3 - 25*k**2 - 18*k - 5. Let o(w) = -2*b(w) - c(w). Is o(25) a prime number?
False
Suppose 10*h - 12 = 6*h. Suppose 0 = -h*o - 0*s - 5*s + 3456, 3*o - 2*s - 3435 = 0. Is o prime?
False
Let f(g) = -g + 12. Let k(b) = 11. Let y(v) = 2*f(v) - 3*k(v). Let m be y(-7). Suppose 4*l + 6*o - 84 = 2*o, l + m*o - 29 = 0. Is l a composite number?
False
Let l(w) = -w**3 + 12*w**2 - 15*w + 12. Let n be l(11). Let y = n + -24. Is (-6)/2 - y/1 composite?
False
Let u(c) = c**3 + 4*c**2 + 2. Let w be u(-4). Is ((-6)/3)/w + 104 prime?
True
Is ((-1)/2 - 10/(-20)) + 641 prime?
True
Suppose b = 2*j + 2807, 4*j - 8451 = 17*b - 20*b. Is b a composite number?
True
Let r(y) = -291*y + 8. Let p(w) = -291*w + 7. Let u(x) = 3*p(x) - 2*r(x). Is u(-2) a composite number?
False
Let l(f) = 7*f**2 + 39*f + 10. Let h be l(-6). Is 7203/h + 1/(-4) a composite number?
False
Suppose 5*z = 21*z - 10864. Is z a composite number?
True
Let s = -601 + 1103. Is 2/(-4*(-1)/s) prime?
True
Suppose -3*x + 3*h + 909 = 0, -5*h + 4 = -16. Is x prime?
True
Let u = 13 + -1. Let j be 0/((-3)/(u/8)). Suppose j = 5*b - 0*b - 2*f - 87, -4*f - 3 = -b. Is b composite?
False
Suppose -4*u + 278612 = 2*s, 134*s = 3*u + 133*s - 208959. Is u a prime number?
True
Let a = -452 + 858. Suppose a + 852 = 2*y - s, -3*y - 3*s = -1905. Is y a composite number?
False
Let g(z) = 8*z**3 - 4*z**2 - z - 4. Let a be g(9). Let y = a + -3444. Is y composite?
True
Let s = -284 - 855. Let h(a) = 789*a - 3. Let u be h(-1). Let d = u - s. Is d a prime number?
True
Let j be 1/(-3) - (-782)/51. Let y be 3/(2*j/704560). Is y/120 + 4/(-30) a composite number?
False
Let a(m) = -1383*m - 301. Is a(-12) composite?
True
Let i be (-1)/(-1 + (-8)/(-12)). Suppose -5*f - 2*b + 22 = -b, 4*b = -2*f - 2. Suppose f*l - i*m - 395 = -8*m, 4*l + m = 310. Is l a prime number?
False
Suppose -4*w - 4099 = -3*i, -2*i + i + w + 1367 = 0. Suppose 2*g = g + i. Let n = g + -954. Is n composite?
True
Suppose -4*n - 113 + 637 = 0. Suppose -4*l = -w + 78, 4*l - n = -3*w + 71. Suppose -4*t - w = -386. Is t composite?
False
Let q(h) = 8*h + 6. Let b be q(10). Suppose b - 276 = -2*j. Is j prime?
False
Suppose -o - 4 = -3*j, -3*o - j + 24 = 2*j. Let x = -7 + o. Let w(v) = 27*v**2 - 3*v - 1. Is w(x) a prime number?
True
Is (7 + 22538 - 7) + -3 composite?
True
Let b(q) = -q + 12. Let a be b(16). Let c be 14/a*(-3 - 47). Suppose 2*k - 323 = c. Is k prime?
False
Suppose -4*a - 12*v = -9*v - 143002, 5*v + 142986 = 4*a. Is a prime?
False
Let f(n) = -14*n**2 - n. Let l be f(1). Let j(c) = -16*c + 19. Is j(l) a composite number?
True
Suppose -i = i + 8, -4*a + 14880 = -i. Is a a composite number?
False
Suppose 26*r - 634346 = -32*r. Is r prime?
True
Let b be 10/4*6/5. Suppose -b*n = r + r - 2015, -2*n - 3*r = -1350. Is n a prime number?
False
Suppose -2*n = 112 - 702. Suppose 2*q = -5*k + 19, 40 = -6*q + q + 5*k. Is -1 + q + 2 + n composite?
False
Let y = -3 - -5. Let l be 1/(y/(-12)*-3). Suppose r = -f + 122, -3*r + l*f = -0*f - 391. Is r a composite number?
False
Suppose -2*l = 4*f + 50, -5*f + 10*f - 42 = 3*l. Let g = l - -27. Is (9 - g) + 1*693 a composite number?
True
Let n(g) = 28*g - 2. Suppose 4*h + 14 = 6*h. Let u be n(h). Suppose 0 = 2*z - 732 + u. Is z composite?
False
Let s(d) = 34*d + 11. Let f(p) = -34*p - 10. Let c(g) = -6*f(g) - 5*s(g). Let k be (-300)/(-28) - 8/(-28). Is c(k) a prime number?
True
Let u = -35487 - -62246. Is u prime?
True
Let t be 9/6 + (-51)/(-2). Suppose 2*g = -639 + t. Let j = g - -509. Is j prime?
False
Let c(q) be the third derivative of q**5/60 + q**4/24 + 623*q**3/6 - 8*q**2. Is c(0) a prime number?
False
Suppose 0 = -5*d + 17 + 13. Suppose 0 = -5*l - d + 1. Is -2 - -4*36 - l composite?
True
Let j be (-12)/16*(-95 + -1). Suppose b - 599 = z + j, 2*b + 5*z = 1328. Is b composite?
True
Let j(a) be the second derivative of -35*a**3/6 - a**2/2 + 25*a. Suppose f = -2 - 0. Is j(f) prime?
False
Let h(c) = c**3 - 7*c**2 + 7*c - 6. Let t be h(6). Let m be (2321/(-11))/(6/(-6)). Suppose -3*l - 4*k + m = t, -4*k = l - 0*k - 57. Is l a prime number?
False
Suppose -434*z - 6712 = -438*z. Is z a prime number?
False
Let o be (-1 - (-25057)/(-2))/(6/(-4)). Let z = -4592 + o. Is z composite?
False
Is 267/(-4)*2*1304/(-12) a prime number?
False
Is (-765)/459*117543/(-5) a prime number?
True
Suppose -5*v + 2*s = -16115, s - 12879 = -9*v + 5*v. Is v a composite number?
False
Suppose 37334 = 12*z - 13078. Is z a prime number?
True
Suppose -3*d + r + 2 = 0, -3*d + 10 = 2*r - 7*r. Suppose 297 = o - 5*q, d*o + 4*q - 315 = -o. Is o prime?
True
Let c = 656 + 113. Is c composite?
False
Let z(d) = 36*d**2 + 2*d - 43. Is z(14) prime?
False
Let c(g) = -2*g**3 + 17*g**2 - 17*g + 6. Let s be c(11). Let i be (0 - 2)*99/(-22). Is -3 - s/i*3 prime?
False
Suppose 4*g + 13 = w + 2, 15 = -3*g. Is (-1276)/(-6)*w*(-1)/6 prime?
False
Let d be -1 + 4/1 + -3. Let z be (-12)/(-4)*(49 - d). Suppose -2*k + z = 13. Is k a prime number?
True
Let a(j) = -6*j**3 - j**2 + 3*j - 9. Let c(f) = -f**3 - 3*f**2 - f - 3. Let p be c(-2). Is a(p) a composite nu